late the greatest common factor of 252 and 66959712.
36
What is the greatest common factor of 190 and 5114515?
95
What is the greatest common divisor of 208830241 and 58930?
5893
Calculate the highest common divisor of 6900 and 8240900.
2300
Calculate the greatest common divisor of 6294109 and 1318.
659
Calculate the highest common divisor of 128 and 64574912.
64
Calculate the greatest common divisor of 2199 and 91311.
3
What is the highest common divisor of 3527108 and 52?
52
What is the greatest common factor of 5709072 and 96?
48
What is the greatest common factor of 1645 and 70768145?
35
What is the highest common divisor of 6 and 49500888?
6
What is the highest common factor of 456140 and 40?
20
Calculate the greatest common factor of 981449 and 2681.
7
Calculate the greatest common divisor of 5931 and 817819.
659
Calculate the highest common divisor of 16301232 and 66096.
2448
Calculate the greatest common divisor of 185847801 and 5259.
5259
Calculate the highest common factor of 1080 and 586.
2
Calculate the highest common divisor of 4323040 and 140.
20
Calculate the greatest common divisor of 76313253 and 62289.
2307
Calculate the greatest common divisor of 385 and 46868780.
35
Calculate the greatest common divisor of 422581959 and 1143.
1143
Calculate the greatest common factor of 5512053 and 1060.
53
What is the greatest common factor of 104 and 172232?
8
What is the highest common divisor of 383373 and 1053?
81
What is the greatest common divisor of 654 and 5732637?
327
What is the highest common factor of 1098 and 18634158?
1098
Calculate the highest common divisor of 156 and 64048621.
13
What is the greatest common divisor of 40 and 2136134400?
40
What is the greatest common divisor of 2893510 and 158498?
3686
What is the highest common factor of 336 and 20521008?
48
Calculate the greatest common divisor of 17852801 and 167.
167
What is the highest common divisor of 5 and 17174090?
5
Calculate the greatest common factor of 255 and 2929236.
51
Calculate the highest common divisor of 285014 and 30473.
31
What is the highest common factor of 202239264 and 480?
96
What is the highest common factor of 4548 and 40565886?
2274
Calculate the highest common factor of 141 and 155.
1
Calculate the greatest common divisor of 2482 and 579791477.
1241
Calculate the highest common divisor of 35 and 657071940.
35
What is the greatest common factor of 58642168 and 72?
8
Calculate the greatest common factor of 72 and 347345946.
18
Calculate the greatest common factor of 66040 and 22679660.
2540
Calculate the greatest common factor of 7978707 and 1826.
913
Calculate the highest common divisor of 386098 and 3692.
142
Calculate the highest common factor of 445257 and 93231.
81
Calculate the highest common factor of 20976260 and 80.
20
What is the greatest common divisor of 2712606 and 324696?
498
What is the greatest common divisor of 720 and 9784710?
90
Calculate the highest common factor of 35 and 143503315.
5
What is the highest common divisor of 73169446 and 686?
686
Calculate the highest common divisor of 804672 and 1605153.
4191
What is the greatest common factor of 9672800 and 169060?
2140
What is the highest common divisor of 24 and 176034882?
6
What is the greatest common divisor of 792037904 and 560?
112
What is the greatest common factor of 18125 and 20398750?
625
Calculate the highest common divisor of 29149981 and 7.
7
Calculate the greatest common factor of 1467 and 9209989.
163
Calculate the greatest common divisor of 19887 and 256637.
947
Calculate the highest common factor of 42 and 13158362.
14
Calculate the greatest common divisor of 806 and 353548.
26
Calculate the greatest common factor of 7552 and 10851328.
128
Calculate the greatest common divisor of 182088 and 17655792.
6744
Calculate the highest common divisor of 13962 and 301197.
39
What is the highest common factor of 1 and 20677141?
1
Calculate the greatest common divisor of 38227 and 36593.
43
Calculate the highest common factor of 3548409 and 2739057.
3747
Calculate the highest common divisor of 329427 and 540351.
567
What is the highest common divisor of 1258 and 4398634?
74
What is the highest common factor of 4048 and 3354692?
44
What is the highest common factor of 173961 and 1820716?
379
What is the greatest common factor of 130508386 and 2?
2
Calculate the greatest common divisor of 6863488 and 850048.
3712
What is the highest common factor of 4669015 and 2834?
1417
Calculate the greatest common factor of 78 and 59247344.
26
What is the highest common divisor of 1413948 and 11772?
1308
Calculate the highest common factor of 1536 and 17815552.
512
Calculate the greatest common divisor of 1504 and 4573288.
376
What is the highest common factor of 72 and 508488?
24
Calculate the greatest common divisor of 44 and 901825298.
22
Calculate the highest common divisor of 1449 and 54399807.
1449
Calculate the greatest common divisor of 333750 and 21000.
750
What is the greatest common divisor of 319886 and 274918?
1022
What is the greatest common factor of 25162272 and 135?
27
What is the greatest common divisor of 512 and 99896?
8
What is the greatest common factor of 648 and 1376808?
24
Calculate the greatest common factor of 38640362 and 130225.
5209
Calculate the highest common factor of 419 and 91781950.
419
Calculate the greatest common factor of 2353804 and 2173768.
6668
What is the highest common factor of 48889365 and 208785?
6735
Calculate the greatest common factor of 1850485 and 1375465.
455
Calculate the greatest common factor of 2127 and 21039.
3
What is the highest common factor of 24659001 and 18?
9
What is the highest common factor of 57149208 and 144?
72
What is the highest common divisor of 1690 and 26140?
10
Calculate the highest common divisor of 18654175 and 1175.
25
What is the highest common divisor of 1351261 and 2?
1
Calculate the greatest common factor of 246092 and 157223836.
14476
Calculate the highest common factor of 18035315 and 135.
5
Calculate the highest common divisor of 10092 and 692568.
12
What is the greatest common divisor of 48 and 869104?
16
What is the highest common factor of 5760 and 559980?
180
What is the greatest common divisor of 457912 and 693784?
728
Calculate the highest common factor of 49886548 and 17996.
1636
What is the greatest common factor of 53663674 and 1346?
1346
Calculate the greatest common divisor of 341 and 24796838.
341
Calculate the greatest common factor of 55379 and 127.
1
What is the highest common divisor of 107062 and 17910?
398
Calculate the highest common divisor of 357 and 10721169.
51
Calculate the greatest common factor of 21225019 and 5731.
521
Calculate the highest common factor of 816948 and 738.
18
What is the highest common divisor of 10900 and 9923360?
2180
What is the greatest common factor of 1019048 and 512572?
508
What is the greatest common divisor of 28952730 and 174?
174
Calculate the highest common factor of 18195115 and 3490.
1745
What is the greatest common factor of 8727232 and 247?
19
Calculate the highest common divisor of 481523 and 130634.
1519
What is the greatest common divisor of 543270 and 2632890?
390
What is the greatest common factor of 1021111 and 1029?
343
Calculate the greatest common divisor of 2048 and 30512.
16
What is the greatest common divisor of 4158 and 132517?
77
What is the highest common factor of 3238290 and 1089?
99
Calculate the highest common factor of 370692 and 3276.
252
What is the greatest common divisor of 7475 and 3461445?
65
What is the highest common divisor of 50215170 and 45?
15
What is the greatest common divisor of 81183381 and 1921?
1921
What is the greatest common divisor of 78 and 8740316?
26
What is the greatest common divisor of 4533461 and 23161?
1219
Calculate the highest common factor of 567790 and 20.
10
What is the greatest common divisor of 5017 and 5630977?
173
Calculate the greatest common divisor of 1939705 and 101.
101
What is the greatest common divisor of 38490024 and 6896?
3448
Calculate the highest common divisor of 1136 and 944368.
16
Calculate the greatest common divisor of 2760 and 96901944.
552
What is the greatest common divisor of 165668769 and 63?
63
What is the highest common factor of 648 and 2190933?
9
What i